-25
Let m(a) = -2*a**2 + 116*a - 12. Let s = 4738 + -4680. Determine m(s).
-12
Let l(z) = -39 - 70 + z**2 - 63 + 220 - 15*z. Determine l(6).
-6
Let n(p) = -2*p + 0 + 3 + p**2 + 5 - 4*p. Let v be ((-18)/(-24))/(1/4). Suppose -v*r = -j - 18 - 0, 4*j = 0. Determine n(r).
8
Let m(k) = k**2 - 8*k + 3. Let h(y) = -y**3 + 12*y**2 - 13*y - 9. Let u be h(10). Suppose u = -3*t - 32. Let p = -25 - t. What is m(p)?
-9
Let z(k) = 3*k**2 + 79*k + 27. Let h(m) = -2*m**2 - 51*m - 18. Let f(n) = 8*h(n) + 5*z(n). Give f(-7).
33
Let c(q) be the first derivative of 18*q**2 + 4*q + 4658. Calculate c(3).
112
Let b(s) = s**2 + 14*s + 15. Let c be 1 - 504/10 - 81/135. Let v be -3 - (-10)/(c/45). What is b(v)?
-9
Let l(p) = -p**3 + 22*p**2 - 108*p - 52. Let z be l(14). Let j(c) = -18*c + 74. Determine j(z).
2
Let u(s) be the third derivative of -s**6/120 + s**5/4 + s**4/8 - 19*s**3/3 + 60*s**2 - 5. Calculate u(15).
7
Let s(x) be the third derivative of -x**4/4 - 136*x**3/3 + 2198*x**2. Calculate s(-44).
-8
Let t(x) = -63*x**2 - 317*x - 6. Suppose -10 = 5*n + 5*u, 15 = -n + u + 7. Calculate t(n).
4
Let z be 1/(1 + 150/(-156)). Suppose f - 33 = -z. Let n(q) = -q**3 + 9*q**2 - 9*q - 10. Calculate n(f).
25
Let s(z) = 3*z - 3 + 2*z**2 - 1 + 7. Let a(g) = -g**3 - 2*g**2 - g - 2. Let x = 92 + -92. Let t be a(x). What is s(t)?
5
Let v(l) = -9*l**3 + 111*l**2 + 4*l. Let f(s) = -2*s**3 + 26*s**2 + s. Let h(n) = -4*f(n) + v(n). What is h(0)?
0
Let r(y) = -11*y**2 + 5. Let k(w) = 9*w**2 - w - 4. Let m(u) = -4*k(u) - 3*r(u). Calculate m(-3).
-38
Let q = -28 + 41. Suppose 0 = -t - 2*p - 5, -3*t + q = -4*t - 4*p. Let s(n) = 20*n + 16. Let d(h) = -7*h - 6. Let y(w) = 11*d(w) + 4*s(w). Calculate y(t).
7
Let m be 1170/260*10/9. Let d(o) be the third derivative of -o**6/120 + o**5/12 + o**4/24 - o**3/6 - 2*o**2. Give d(m).
4
Suppose o = -o + 2. Let c(a) = 2*a**3 - 10*a**2 + 4. Let y(s) = -s**3 - s. Let p(x) = o*c(x) + y(x). Let v be p(10). Let j(q) = -q**2 - 6*q + 4. Determine j(v).
4
Let v(t) be the first derivative of -t**4/4 - t**2 + 2*t + 687. What is v(3)?
-31
Let c(x) = -21244*x**2 + 3948*x - 2632. Let q(r) = 97*r**2 - 18*r + 12. Let o(y) = -3*c(y) - 658*q(y). What is o(1)?
-94
Let n(x) = -6*x + 146. Suppose 2*q - 6*a + 9*a = 45, -4*q + 100 = -4*a. Determine n(q).
2
Suppose 0 = 4*n + 15 + 9. Let h be (-4 - n)/((-2)/5). Let l(p) be the first derivative of p**4/4 + 4*p**3/3 - 3*p**2 + 2*p - 43. Determine l(h).
7
Let c(y) be the first derivative of -3*y**2/2 - 15*y - 1076. Determine c(-8).
9
Suppose -12*y = k - 13*y - 6, k - 6 = 4*y. Let i(a) be the second derivative of 4*a - 1/6*a**3 + 5/2*a**2 + 0. Calculate i(k).
-1
Suppose -87*x = -100*x. Suppose x = -19*l + 23*l. Let o(z) = 1 + 2 + 0 + z. What is o(l)?
3
Let w(j) = j**2 + 7*j. Let c = -172 + 264. Suppose 95*f = c*f + 33. Suppose 14*t + 9 = f*t. Give w(t).
-12
Let o(t) = 11*t + 6*t - 11 + 9 - 20*t + 25. Give o(4).
11
Suppose -36*v = -299*v - 263. Let r(j) = -41*j**3 - j. Calculate r(v).
42
Let w(r) be the first derivative of -7*r**2/2 + 36*r + 7140. What is w(5)?
1
Let z(h) = 2*h**3 + h - 1. Let b = -3975 + 3976. Calculate z(b).
2
Let c be 215/43*(-2 + (-8)/(-10)). Let q(u) = 17*u**2 - 27*u + 17. Let h(y) = -4*y**2 + 6*y - 4. Let p(z) = c*q(z) - 26*h(z). Calculate p(-5).
22
Let c = -3/1903 + 1909/3806. Let u(s) be the second derivative of 0*s**4 + 0 + 30*s + c*s**2 - 1/3*s**3 - 1/10*s**5. Give u(1).
-3
Let d(m) = -83*m + 1580. Let n be d(19). Let k(v) be the first derivative of -4*v - 2*v**2 + 1/3*v**n - 13. Give k(4).
-4
Let b(a) = 1466*a + 3 - 1456*a + 0 + 8*a**2 - a**3 - 2. Suppose -56 = -4*c + 5*x, -3*c - 2*c + 53 = -2*x. What is b(c)?
10
Suppose 0 = j - g - 6, -2*g = 5*j + 2*g + 6. Let w = -100 - -103. Let m(p) = -16*p**3 - p + w*p**2 + j + 6*p**3 + 4*p + 9*p**3. What is m(4)?
-2
Suppose 0 = 23*c - 28*c - 10. Let p(m) be the second derivative of 3*m**5/20 + m**4/2 + m**3/2 + m**2 + 394*m. Give p(c).
-4
Let j(s) = 7*s + 1. Let d(p) = 5*p**3 + p**2 - 3*p + 4. Let l be d(2). Let i = l + -40. Suppose f - i = -5*z + 5*f, z = 2*f - 2. Give j(z).
15
Let m(p) = -5*p**3 + p**2 + 5*p - 5. Let g(o) = -32*o**3 + 5*o**2 + 32*o - 28. Let v(i) = -2*g(i) + 13*m(i). What is v(3)?
-6
Let a(q) = -q + 7. Let v(d) = -d**2 + d - 264. Let b be v(0). Let h = -258 - b. Determine a(h).
1
Let z(o) = -o + 2. Let l(t) = -132 - 132 + 263. Let p(m) = 4*l(m) - z(m). Determine p(6).
0
Suppose 5*c - 189 = -34. Let q = 27 - c. Let u(d) = d**2 + 3*d + 5. Give u(q).
9
Let p(y) = y**2 + 4*y. Suppose c - 3*o - 6 = 0, 2*c - 2*o - 39 = -7. Suppose 3*x - c = -0*x. Let b(k) = -k**3 + 8*k**2 - 9*k + 8. Let f be b(x). Determine p(f).
12
Let i(d) = -5 + 2*d**2 + 338*d + 6 - 682*d + 344*d. Let n(r) = r**3 + 5*r**2 - 8*r - 9. Let b be n(-6). Let m be ((-32)/12 - -3)*b. Determine i(m).
3
Let w(b) be the first derivative of b**4/4 + 5*b**3/3 - b**2/2 - b + 122. Suppose -3*t = -38 + 14. Suppose t = -2*m - 2. Give w(m).
4
Let h(q) = -42*q**2 - 27*q**3 - 27*q**3 + 32*q**2 - 80 - 12*q + 52*q**3 - 4*q. Give h(-5).
0
Let k(g) = -22*g + 2. Let h(o) = -287*o + 27. Let u(r) = -h(r) + 13*k(r). Let d(b) = 2*b - 9. Let l be d(7). Let t = 2 - l. What is u(t)?
-4
Let m(i) = 4*i**2 - 2*i + 1. Let g = -45 + 49. Suppose g*o - 16 = 4*u, -4*o - 2*u + 2 = -o. Give m(o).
13
Let p(q) = -70*q + 202*q + 16 - 70*q - 68*q. Let b be p(0). Let d(h) = 2*h - 24. Calculate d(b).
8
Let f(c) = 5*c**2 - 3*c - 10. Let l = -15647 - -15644. Give f(l).
44
Let t(k) = -k**3 - 8*k**2 - 14*k + 6. Let y be t(-6). Suppose 6*q = 5*j + q - 40, 2*j - y = 3*q. Let m(c) = c**2 - 10*c + j*c**2 - 1 + 12*c. What is m(1)?
8
Let w(r) = r. Suppose 21 = 2*y + s, -7*y + 3*y = 5*s - 51. Suppose -y = -x - 39. Let n = x - -37. Calculate w(n).
7
Let f(y) = -3*y - 1. Suppose 5*r - 2*w - 19 = 0, 7 = 5*r - 3*w - 14. Let d = 17 + r. Suppose 14 = -d*k - 6. Determine f(k).
2
Let p(n) = 5*n + 3. Let u be ((-20)/4 + 8 - -75)*-3. Let w = u - -233. Calculate p(w).
-2
Let q(z) be the first derivative of z**5/60 - 5*z**4/24 - z**3/3 + 49*z**2 + 40. Let r(o) be the second derivative of q(o). Calculate r(8).
22
Let x(n) = 5*n**3 - n. Let w(z) = -3*z + 8. Let p be 4 - 6*5/30. Let c be w(p). Determine x(c).
-4
Let p(b) = b**3 - 2*b**2 + 2*b - 7. Let q(r) = -5*r**3 + r**3 + 3 - 5*r**3 - 34*r**2 + 10*r**3. Let d be q(34). Determine p(d).
8
Let o(w) = w**3 - 10*w**2 - w + 8. Let l = 527 - 336. Let x = -181 + l. What is o(x)?
-2
Let u(l) = -62*l + 61*l - 4*l**2 + l**3 - 52 - 48 + 90. Give u(5).
10
Let l(c) = c**3 + 4*c**2 - 2. Let m(v) = 3*v**2 - v - 12. Let b be m(0). Let s be -2 + 3/b*0. Determine l(s).
6
Suppose -17*h = 248 - 537. Let d(v) = v**2 - 18*v + 47. Give d(h).
30
Suppose -44*o + 45*o - v = -9, 3*o + 17*v = 233. Let a = 5 + -2. Let y(t) = t**a - 6 + 1 + 0*t - 3*t - 3*t**2. What is y(o)?
-1
Let g = -200 + 205. Suppose 0 = -g*a + 2*t + 40, -2*t = 4*a - 7*t - 32. Let r(h) = 2*h - 7. Calculate r(a).
9
Suppose -5*d + 8*d = 18. Let g(u) = -3*u - 15. Suppose 12*l + 27 = -9. Let j(h) = -2*h - 7. Let v(x) = l*g(x) + 5*j(x). Calculate v(d).
4
Let v(o) = o**3 + o**2 - 10*o + 3. Let p(d) = d**3 + d**2 - 11*d + 3. Let n(h) = 2*p(h) - 3*v(h). Let r be (-29)/15*2 - ((-50384)/(-1005) - 50). Determine n(r).
13
Let m(c) be the second derivative of c**5/24 + 5*c**4/8 + 17*c**3/3 - 69*c. Let b(h) be the second derivative of m(h). What is b(-8)?
-25
Let z(o) = 5 - 5*o**3 + 4 - 7*o**2 + 4*o**3 - 1 - 16. Suppose 5*s = -4*p - 55, 4*p = -s + 2 - 29. Calculate z(s).
-8
Let b(g) be the second derivative of 11*g**3/6 - 18*g**2 - 7060*g + 2. Determine b(4).
8
Let q(w) be the third derivative of w**5/60 + 19*w**3/6 - 2*w**2. Let k(d) = 14*d + 45. Let z be k(-3). Suppose -z*r + 5*y = 38 - 28, 0 = -y + 2. Give q(r).
19
Let c(k) = -2*k - 17. Let q = -143 - -149. Suppose -3*l - 33 = -3*j, -6*j = 2*l - 4*j + q. Give c(l).
-3
Let r(q) = -5*q + 8. Let j be (3*-2)/((-9)/(162/12)). Suppose -z + j*z = 56. Give r(z).
-27
Suppose -6*q - 32 = -4*s - q, -3*s + 65 = -14*q. Let k(g) be the third derivative of -3/8*g**4 + 0 + 26*g**2 - 1/60*g**5 - g**s + 0*g. Calculate k(-6).
12
Let p = 6368 + -6373. Let d(h) = -6*h + 2. Calculate d(p).
32
Let t(p) be the first derivative of p**2/2 - 4*p + 2. Let a(g) be the first derivative of -g**2/2 + 4*g + 86. Let r(x) = -5*a(x) - 6*t(x). Determ